t f(l) = -5*l**3 + 2*l. Calculate f(-2).
36
Let m(y) = -14*y**2 - 11*y - 11. Calculate m(-1).
-14
Let i(f) = -2*f**3 - 3*f - 1. Calculate i(3).
-64
Let k(w) = -w + 19. What is k(34)?
-15
Let n(u) = -u**3 + u**2 - 4*u + 5. Determine n(2).
-7
Let i(h) = 7*h + 5. What is i(-6)?
-37
Let g(m) = -2*m + 14. Give g(9).
-4
Let h(b) = b + 9. What is h(-7)?
2
Let n(i) = i**3 + 5*i**2 + 2*i + 9. Calculate n(-5).
-1
Let j(m) = 36*m - 215. Give j(6).
1
Let z(d) = d**2 - 25*d - 14. Give z(22).
-80
Let h(u) = -u**3 - 5*u**2 - 5*u + 1. What is h(-4)?
5
Let d(j) = j**3 - 7*j**2 + 8*j + 20. Determine d(5).
10
Let s(t) = -t**2 - 3*t - 4. What is s(-5)?
-14
Let f(y) = -y**2 - 7*y + 12. Calculate f(-9).
-6
Let p(l) = -l**2 + 9*l + 51. Give p(-5).
-19
Let v(o) = 23*o + 7. What is v(-1)?
-16
Let u(a) = -a**3 - 8*a**2 - 6*a + 14. Give u(-8).
62
Let s(b) = 8*b**2 - 2*b - 10. Give s(-4).
126
Let a(g) = -g + 104. Calculate a(0).
104
Let s(w) = -w**3 - 6*w**2 - 3*w - 9. What is s(-6)?
9
Let w(z) = -z + 6. Give w(-9).
15
Let f(m) = 11*m + 2. Determine f(9).
101
Let r(o) = 50*o**3 + o**2 - 4*o + 3. Determine r(1).
50
Let d(j) = 2*j + 49. Give d(-22).
5
Let h(l) = 2*l**2 + 10*l + 15. Determine h(-4).
7
Let d(u) = -6*u - 11. Give d(-2).
1
Let z(w) = w**2 + w - 37. Determine z(6).
5
Let l(o) = -o**3 - 4*o**2 + 9*o + 18. Determine l(-5).
-2
Let d(u) = -u**2 - 5*u + 10. Determine d(-6).
4
Let l(y) = -y**3 - 9*y**2 + 2*y - 15. What is l(-9)?
-33
Let n(j) = 3*j**3 - 12*j**2 - 5*j + 2. Give n(5).
52
Let v(k) = k**2 + k - 27. Determine v(-5).
-7
Let o(s) = s**3 + 13*s**2 - 15*s - 4. Calculate o(-14).
10
Let y(v) = 8*v + 44. Determine y(-5).
4
Let o(u) = 5*u**2 + u - 2. Determine o(1).
4
Let r(h) = -7*h**2 - 112*h + 5. Calculate r(-16).
5
Let w(l) = -l**3 - 54*l**2 + 50*l - 267. Determine w(-55).
8
Let a(v) = -v**2 - 4*v + 4. Give a(1).
-1
Let s(z) = z**2 + 3*z - 3. Give s(-4).
1
Let l(c) = -c**2 + 8*c + 4. Calculate l(7).
11
Let u(y) = -12*y + 20. Calculate u(8).
-76
Let h(r) = r**2 + r - 32. Calculate h(-5).
-12
Let h(b) = -2*b**3 + 10*b**2 + 7*b + 33. Give h(6).
3
Let d(r) = 2*r**3 + 2*r**2 + 3*r - 3. Calculate d(2).
27
Let f(c) = -c**2 + 4*c - 2. Calculate f(3).
1
Let u(t) = t**3 + 28*t**2 - 8. What is u(-28)?
-8
Let t(r) = r**3 - r**2 + r. Give t(0).
0
Let q(d) = -4*d + 34. Give q(0).
34
Let k(w) = -3*w**2 - 2*w + 1. Determine k(1).
-4
Let v(l) = -4*l - 3. Determine v(2).
-11
Let b(r) = -21*r - 66. Give b(-3).
-3
Let w(n) = -3*n - 11. Calculate w(-6).
7
Let r(x) = -2*x - 76. Give r(-40).
4
Let z(p) = -p**3 + p**2 - p - 18. What is z(0)?
-18
Let z(s) = -s**3 + 10*s**2 + 11*s + 3. What is z(11)?
3
Let b(j) = j**2 + 13*j + 9. Calculate b(-11).
-13
Let q(w) = -2*w**3 + 4*w**2 - 6*w + 2. Calculate q(2).
-10
Let t(y) = 33*y**3 + 2*y**2 - 1. Calculate t(-1).
-32
Let f(m) = m**2 + 2*m + 2. Give f(-10).
82
Let r(w) = w**3 + w**2 - 12*w - 12. Calculate r(-4).
-12
Let r(m) = m**3 + 7*m**2 - 10*m + 6. Determine r(-8).
22
Let v(w) = -w**2 + 8*w + 1. What is v(7)?
8
Let x(w) = -w. Calculate x(3).
-3
Let m(j) = -j - 3. Calculate m(0).
-3
Let f(p) = -6*p**2. Calculate f(-1).
-6
Let v(b) = b + 6. What is v(5)?
11
Let c(t) = 2*t - 150. Give c(20).
-110
Let k(t) = 3*t**3 - 6*t**2 - 6*t + 8. Determine k(2).
-4
Let l(u) = u + 7. Determine l(-10).
-3
Let f(y) = -5*y**2 - 25*y - 5. Calculate f(-4).
15
Let w(s) = s**2 + 6*s - 397. Give w(-23).
-6
Let k(t) = t + 34. What is k(-32)?
2
Let i(q) = -q**2 - 8*q - 9. Calculate i(-7).
-2
Let d(k) = -2*k**2 + 8*k - 9. Calculate d(6).
-33
Let g(h) = -h**3 - 18*h**2 - h - 7. What is g(-18)?
11
Let i(k) = -2*k**3 + 14*k**2 + 5*k - 5. Give i(8).
-93
Let p(j) = -2*j + 13. Give p(13).
-13
Let x(a) = a**3 - 58*a + 7. Give x(-8).
-41
Let b(z) = z**3 + 4*z**2 + z + 3. Give b(-3).
9
Let b(o) = -o**3 + 18*o**2 - 17*o + 19. Give b(17).
19
Let o(w) = -2*w**2 - 9*w + 13. What is o(-4)?
17
Let b(s) = 6*s. What is b(6)?
36
Let v(q) = q**3 + 7*q**2 - 6. What is v(-7)?
-6
Let a(b) = -b**3 + 4*b**2 + 13*b - 43. Determine a(4).
9
Let v(x) = -x**2 + 3*x + 3. Give v(-1).
-1
Let h(s) = -3*s**2 - 44*s + 17. Calculate h(-15).
2
Let c(s) = -s**3 - 7*s**2 - 4*s + 2. What is c(-6)?
-10
Let t(c) = -5*c + 19. Give t(8).
-21
Let q(i) = -i**3 + 5*i**2 - 12*i - 7. Determine q(6).
-115
Let s(i) = i**3 - 20*i**2 - 27*i + 11. Give s(21).
-115
Let c(k) = -6*k + 8. Give c(9).
-46
Let c(k) = k**2 - k - 27. Give c(0).
-27
Let v(p) = -p**3 - 12*p**2 - 12*p - 18. What is v(-11)?
-7
Let i(w) = -2*w - 8. Calculate i(-5).
2
Let c(k) = k**3 + 6*k**2 - 32*k + 7. Determine c(3).
-8
Let t(u) = u**2 + 51*u + 431. What is t(-40)?
-9
Let z(o) = -o**2 - 6*o - 19. Determine z(-7).
-26
Let o(v) = 2*v**2 - 20*v + 15. Calculate o(10).
15
Let g(d) = 2*d**2 + 18*d + 5. Determine g(-9).
5
Let r(p) = 4*p**2 - 18*p - 3. Give r(5).
7
Let v(n) = n**2 + 2*n + 8. Calculate v(-3).
11
Let f(v) = v**2 + 3*v + 3. Determine f(2).
13
Let i(n) = -n**2 + 2*n + 7. What is i(5)?
-8
Let a(j) = -11*j**2 - 1. Calculate a(-1).
-12
Let t(g) = 2*g**3 + 30*g**2 - 34*g - 16. Determine t(-16).
16
Let h(r) = -r**3 + 30*r**2 - 57*r + 15. Determine h(28).
-13
Let b(q) = q**2 - 15*q + 22. What is b(16)?
38
Let t(g) = g**2 - 2*g. Calculate t(2).
0
Let z(x) = 3*x**3 - 66*x**2 - 3*x + 66. What is z(22)?
0
Let c(v) = v**2 - 17*v - 33. Calculate c(19).
5
Let x(b) = b**3 + 14*b**2 - 33*b - 30. Determine x(-16).
-14
Let g(n) = 6*n**3 + n**2 + 3*n + 2. Give g(-1).
-6
Let t(f) = 28*f - 50. Calculate t(2).
6
Let g(i) = -i**3 + 10*i**2 + 3*i - 10. Give g(10).
20
Let w(f) = 107*f + 749. What is w(-7)?
0
Let b(h) = -7*h - 3. Calculate b(3).
-24
Let k(p) = -p - 16. Give k(-9).
-7
Let p(d) = -d**3 - 9*d**2 + 16*d + 5. Calculate p(-11).
71
Let s(u) = u**2 + 2*u + 3. Give s(-6).
27
Let y(i) = 23*i + 170. What is y(-7)?
9
Let t(p) = -7*p - 34. Calculate t(-6).
8
Let m(w) = -33*w + 1094. Determine m(33).
5
Let y(b) = -b**2 + 19*b - 59. Give y(15).
1
Let b(g) = 2*g**3 + 40*g**2 + 35*g - 43. Give b(-19).
14
Let x(u) = u**2 + 39*u + 98. Give x(-36).
-10
Let n(w) = -12*w**2 - 35*w - 3. Give n(-3).
-6
Let l(o) = o**3 + 7*o**2 - 8*o - 5. Give l(-7).
51
Let x(f) = -9*f - 43. Give x(-6).
11
Let j(p) = p - 11. What is j(7)?
-4
Let h(r) = r**2 - 12*r - 3. Give h(13).
10
Let a(i) = 2*i**3 + 21*i**2 - 14*i - 17. What is a(-11)?
16
Let y(p) = -3*p**2 + 46*p + 30. Give y(15).
45
Let v(n) = -2*n**3 - 10*n**2 + 73*n + 15. What is v(-9)?
6
Let f(a) = a**2 + 10*a - 58. Give f(6).
38
Let q(f) = 4*f**3 + f**2 + 2*f. Calculate q(-1).
-5
Let q(z) = z**2 - 37*z + 132. Give q(33).
0
Let b(z) = z**3 - 11*z**2 + 13*z - 29. Give b(10).
1
Let w(v) = -36*v + 6. Give w(2).
-66
Let k(f) = f**2 + 8*f - 12. Give k(-6).
-24
Let a(n) = -n**3 - 6*n**2 + 3*n - 6. Calculate a(-6).
-24
Let l(m) = 2*m**3 - 6*m**2 - 4*m - 10. Determine l(4).
6
Let u(o) = -2*o**3 + 5*o**2 + 2*o - 10. Give u(4).
-50
Let f(l) = 18*l + 9. Calculate f(-3).
-45
Let m(y) = -y**2 + 3*y + 2. Calculate m(2).
4
Let k(t) = 3*t**2 - 2*t - 5. Give k(3).
16
Let i(h) = -h**2 - 9*h - 21. Give i(-2).
-7
Let s(c) = -3*c + 40. What is s(15)?
-5
Let u(g) = -g**2 - 9*g + 5. Determine u(-8).
13
Let b(c) = -2*c**2 + c + 1. Determine b(3).
-14
Let y(j) = 2*j**3 + 4*j**2 - 27*j + 15. Give y(-5).
0
Let a(x) = -x**2 - 14. Determine a(-4).
-30
Let u(d) = 2*d - 4. Determine u(4).
4
Let i(f) = -44*f + 1537. Give i(35).
-3
Let u(k) = -2*k - 67. Give u(0).
-67
Let o(n) = -n**2 + n - 2. Determine o(-2).
-8
Let u(v) = 6*v - 169. Determine u(28).
-1
Let g(d) = d**2 + 7*d - 15. Determine g(-9).
3
Let p(m) = -m**2 - 16*m + 28. What is p(-17)?
11
Let d(y) = y**2 + 12*y + 10. Determine d(-12).
10
Let i(z) = -z**3 - 8*z**2 - z - 8. Determine i(-7).
-50
Let j(c) = c**3 + 14*c**2 + c + 2. What is j(-14)?
-12
Let p(u) = -u**3 + u**2 - u + 8. Determine p(0).
8
Let o(i) = 2*i**3 - 21*i**2 + 6*i + 8. Determine o(10).
-32
Let i(z) = -z - 14. What is i(-6)?
-8
Let c(f) = f**2 + 9*f + 19. Determine c(-5).
-1
Let j(n) = n**3 + 7*n**2 + 7*n. What is j(-6)?
-6
Let a(i) = i**3 - 8*i**2 - 5. Calculate a(8).
-5
Let i(d) = d**3 + 7*d**2 - 10*d - 16. What is i(-8)?
0
Let t(w) = -w**3 + 4*w**2 + 2*w + 7. What is t(5)?
-8
Let h(l) = 2*l + 14. Give h(-8).
-2
Let p(r) = -15*r - 10. What is p(-1)?
5
Let v(r) = r**2 - r - 56. Determine v(7).
-14
Let y(x) = -x**2 - 5*x - 12. Determi